). Let l be 1/(-1)*16/(-4). Suppose 0 = -r - 2*m + 42, 0*r - r - l*m = -v. Calculate the greatest common divisor of r and 6.
6
Let g be 1/((-12)/15 + 1). Suppose -g*m + 22 = 12. Let x be 3 + 0/(m - -1). Calculate the greatest common divisor of 24 and x.
3
Let y be 2/(-9) + (-4)/(-18). Let z be -3 + (2 - (2 + y)). Let n be 27/(z*3/(-6)). What is the highest common divisor of 126 and n?
18
Suppose -4*x = 4*k - 40, 4*x + k = 6*k + 4. Let i be (36/(-7))/(3/(-14)). What is the greatest common divisor of i and x?
6
Let h(d) = -5*d - 63. Let b(n) = -16*n + 1. Let c be b(1). Let k be h(c). Calculate the highest common divisor of k and 132.
12
Suppose -3*n + 2*a + 472 = 0, 3*n + 0*n - 458 = -5*a. Calculate the greatest common factor of n and 39.
39
Suppose -75 = -0*t - 5*t. Let q be 11 + (-1 - (6 + -3)) + -1. Suppose z + 1 = 2*a + 2*a, z - q = -3*a. What is the highest common divisor of t and z?
3
Suppose 5*u = 5*p - 255, 13*u - 10*u = -5*p + 255. What is the greatest common divisor of 24 and p?
3
Suppose -4*n + b + 777 = 0, 2*n + 24*b - 396 = 22*b. Calculate the greatest common factor of 39 and n.
39
Suppose -3 = c - 5. Let y be ((-2)/c)/((-21)/42). Suppose 0 = -y*k + 3*k - 46. What is the greatest common divisor of 69 and k?
23
Let u = -329 + 339. Calculate the highest common factor of 110 and u.
10
Let x(o) = o**3 + 3*o**2 - 18*o - 31. Let w be x(-5). Calculate the highest common divisor of 153 and w.
9
Let v be (3924 - 56/(-7)) + 8. What is the greatest common divisor of 20 and v?
20
Let n = -163 + 172. What is the highest common factor of n and 159?
3
Let n be (-14)/(-12)*2*24. Let s(v) = 14*v + 133. Let b be s(-9). Calculate the greatest common divisor of b and n.
7
Let h(w) = 3*w**2 - 20*w - 18. Let q be h(15). Suppose 0 = 4*v + 3*v - q. Calculate the greatest common factor of v and 357.
51
Let h(p) = 12*p**2 - 12*p - 27. Let z be h(-2). Calculate the highest common factor of z and 30.
15
Let n be -71 + (-8)/(40/(-15)). Let v = n + 98. Calculate the greatest common factor of v and 6.
6
Let d = -208 + 424. Suppose -7*n + d + 155 = 0. Calculate the highest common divisor of n and 477.
53
Let g(k) = k**3 - 4*k**2 - 9*k + 10. Let s be g(5). Let j = s + 11. Suppose 19 + j = 4*l. What is the highest common factor of l and 25?
5
Suppose -13 - 36 = -7*o. Suppose 0*j + o*j = 252. Calculate the highest common factor of j and 24.
12
Let z(f) = -f**3 + 9*f**2 - 7*f - 1. Let j(q) = -2*q - 23. Let n be j(-15). Let p be z(n). What is the greatest common factor of p and 12?
12
Let c be (28 - 1750/(-75)) + (-12)/9. Let d = 6 - -14. Calculate the greatest common divisor of d and c.
10
Suppose -19*d = -28*d + 8316. What is the highest common factor of 42 and d?
42
Let u = -106 + 108. Suppose -63 = -6*s + 69. Calculate the greatest common divisor of s and u.
2
Let x(j) = -j**2 + 36*j - 12. Let a be x(34). Calculate the greatest common factor of 70 and a.
14
Suppose 4*n + 20 = v, -5*v + 56*n + 100 = 61*n. Calculate the greatest common factor of 590 and v.
10
Let m be (-3 - 0)*-1 - 1. Suppose 0 = 4*j + 1060 - 1064. What is the highest common divisor of m and j?
1
Let a(o) be the second derivative of o**5/20 - 7*o**4/12 + o**3/3 + 5*o**2/2 + 4*o. Let q be a(7). What is the highest common factor of 133 and q?
19
Let v(m) = m**2 - 10*m + 20. Let f be v(8). Suppose -f*l + 33 = -5*r, -l = -r + 4*r - 21. Calculate the greatest common factor of l and 4.
4
Let s = -35 - -41. Suppose l + 3*o - 12 = 2*o, 4 = 2*o. Suppose 6*p = l*p - 16. What is the highest common factor of p and s?
2
Suppose 234 = -0*l + 18*l. Calculate the highest common divisor of l and 143.
13
Let i = 1892 - 1788. What is the greatest common divisor of i and 12?
4
Suppose 5*g = -5*y + 345, -g = -y + 9 - 72. What is the greatest common divisor of g and 704?
22
Suppose -1178*s + 2090 = -1173*s. Calculate the greatest common factor of 114 and s.
38
Suppose 4*m = 2*m + 4. Let l be (0*m/(-8))/(-1). Suppose 2*a + 0 - 22 = l. What is the highest common divisor of 11 and a?
11
Suppose -12 + 4 = -4*o. Let b = 5 + o. Suppose 3*i = -2*y + 34 + 2, 5*y + 3*i = 99. Calculate the greatest common divisor of y and b.
7
Suppose 16 = -4*x, -x - 222 = -4*f - 58. Let g be ((-48)/f)/(2/(-5)). Let r be 20/g*6/5. What is the highest common divisor of 8 and r?
8
Suppose 0 = 4*l + 14 + 6, 2*i = -5*l + 275. Let g be (87/(-4))/((-33)/44) + 1. What is the highest common factor of i and g?
30
Let w(n) = n**3 + 7*n**2 + 4*n. Let p be w(-6). Let k = p + -14. Let u be k/((-1)/(-1)) - -4. Calculate the highest common divisor of u and 6.
2
Suppose -25*l = -28*l + 117. What is the highest common divisor of l and 78?
39
Let d = -85 + 89. Suppose d*k - 24 = -4. What is the greatest common divisor of k and 55?
5
Let g(l) = 24*l**2 + 89*l + 20. Let y be g(-6). Calculate the highest common divisor of 400 and y.
50
Let h(v) = v**3 + 3*v**2 - 2*v - 6. Let c be h(-3). Suppose 10*p - 344 - 616 = c. What is the highest common divisor of 12 and p?
12
Let c be (74/4)/((-2)/(-4)). Let z = -12670 + 12929. What is the highest common factor of c and z?
37
Let p be 2*-3*-1 - -1. Suppose -124 = t + t. Let d = t + 97. Calculate the highest common divisor of d and p.
7
Let r be (-4)/12 + (-121)/(-3). Let m be 1/(-5) + 3608/r. Suppose g - 15 - 3 = 0. What is the greatest common factor of g and m?
18
Suppose 5*r - 3*h + 912 = 0, -r - 2*h = -0*h + 185. Let l = r + 268. Calculate the highest common divisor of l and 5.
5
Let m(y) = -5*y + 10. Let s be 6/(-2 - (-5)/10). Let f be m(s). What is the highest common factor of 10 and f?
10
Let h be 15/(-25) + (-216)/(-10). Suppose 0 = -0*l + l + 5*v - 37, -2*l + 5*v + 29 = 0. Let j be 93/33 + 4/l. Calculate the highest common factor of h and j.
3
Let b(q) be the first derivative of -4 + 1/2*q**2 + 9*q. Let s be b(-7). What is the highest common divisor of s and 10?
2
Let k be 48/28*21/2. What is the highest common factor of k and 72?
18
Let g be (6/(-7))/(-3) + (-552)/(-28). Suppose 3*f = -f + 12. Suppose 240 = 3*v + 5*l, 4*v + 5*l = f*l + 320. What is the highest common divisor of v and g?
20
Suppose -4*d + 48 = 3*p, 64 = 4*p - d + 6*d. What is the greatest common divisor of 816 and p?
16
Let h = -629 - -1553. What is the highest common divisor of h and 42?
42
Suppose 0 = 3*c - 32 - 1. Let d be (-1*(-99)/(-5))/((-2)/10). Calculate the greatest common divisor of c and d.
11
Let z(h) = -h**3 + 4*h + 4. Let i = 22 + -24. Let u be z(i). What is the greatest common factor of 20 and u?
4
Let w be -29*(3 + 4 + -8). Let b = -21 + w. Calculate the highest common divisor of 24 and b.
8
Let q(d) = d**3 + 11*d**2 + 20*d + 25. Let i be q(-9). Calculate the highest common factor of i and 49.
7
Suppose -11*j = -6*j. Let v be (-46 - j)/(-3 - -1). Let l be v - (-1 + 6/(-2)). Calculate the greatest common divisor of l and 243.
27
Suppose -91*f + 2143 = -405. What is the highest common factor of 476 and f?
28
Suppose 2*c = 4*g - 9*g - 19, 3*c + 1 = -2*g. Suppose -96 = c*m - 4*m + 4*x, -2*x = -6. Calculate the greatest common divisor of m and 12.
12
Let n(f) = 207*f**3 + 3*f - 1. Let c be n(1). What is the highest common divisor of 11 and c?
11
Let u(f) = f**3 - 16*f**2 + 15*f - 1. Let i be u(15). Let z be (i - -2 - -2) + 19. Let m = -15 + z. What is the highest common factor of m and 49?
7
Let c be (3 - -13)*8 - -4. Suppose c = -30*z + 33*z. Calculate the highest common factor of z and 2.
2
Suppose 4*h - 840 = -8*h. What is the greatest common factor of h and 245?
35
Suppose 5*i = -0*q + 2*q - 5, -14 = i - 3*q. Suppose -i = 7*v - 8. Calculate the highest common divisor of v and 4.
1
Let f(a) = a**3 - 9*a**2 - 10*a + 11. Suppose 4*w + 26 = 3*d, -5*w - 15 = 2*d - 4*d. Let r be f(d). What is the highest common factor of 77 and r?
11
Let c = 2803 + -2694. What is the greatest common divisor of 4033 and c?
109
Suppose -4*d - 8 = f, -2*f = -5*f - 2*d - 14. Let c be f/6 - 47/(-3). Let i = 22 - 7. What is the greatest common factor of i and c?
15
Let o = 379 - 255. Calculate the highest common factor of o and 558.
62
Suppose 3 = -5*r + 38. What is the greatest common factor of r and 63?
7
Suppose 252 = 1862*m - 1855*m. Calculate the greatest common factor of m and 148.
4
Suppose -3*m - 7*m + 4000 = 0. What is the greatest common divisor of 8 an